ue
Is 8776413011 prime?
False
Is 15915708817 a composite number?
True
Is 6784746751 composite?
False
Is 318007601 a composite number?
True
Is 3886508767 prime?
False
Is 1341389099 a composite number?
False
Is 291414540877 prime?
True
Is 9389132803 a prime number?
True
Is 1813601723 prime?
False
Is 3110552078 composite?
True
Is 476698609 a prime number?
True
Is 66225777697 composite?
True
Is 1340808523 composite?
True
Is 345664457 a prime number?
False
Is 5749669301 a prime number?
True
Is 40327307 composite?
False
Is 3300258863 prime?
False
Is 9023958417 composite?
True
Is 8286632867 a prime number?
True
Is 8619064105 composite?
True
Is 4329041791 a composite number?
True
Is 13842067427 composite?
False
Is 523752181 a prime number?
True
Is 15821271317 composite?
False
Is 435086815 a prime number?
False
Is 10151719717 composite?
False
Is 51842739527 composite?
False
Is 4349269201 a prime number?
True
Is 115906018789 a prime number?
False
Is 124544263 a composite number?
True
Is 1971519623 prime?
True
Is 63349770301 prime?
False
Is 9315673303 composite?
False
Is 113650601 a prime number?
True
Is 415748477 a composite number?
False
Is 35403516849 prime?
False
Is 431154371995 a composite number?
True
Is 728690338 a composite number?
True
Is 68669813 a composite number?
False
Is 7735910563 prime?
False
Is 100503701 a composite number?
False
Is 2078259409 a composite number?
True
Is 631481051 a composite number?
True
Is 5704519631 a composite number?
True
Is 6610051301 a composite number?
True
Is 2857870607 a composite number?
False
Is 9541501 a prime number?
False
Is 22101195079 composite?
False
Is 18983932743 a prime number?
False
Is 52136652707 a composite number?
True
Is 22357960417 a composite number?
True
Is 37851882841 composite?
False
Is 1613417021 a prime number?
False
Is 117726310603 a prime number?
False
Is 136161271 composite?
True
Is 47399437583 a composite number?
True
Is 62069276837 a prime number?
True
Is 9598438249 composite?
True
Is 225637589 a prime number?
False
Is 2286795869 prime?
False
Is 1813982217 composite?
True
Is 13699675489 composite?
True
Is 29816783 prime?
False
Is 623754961 a prime number?
False
Is 3543151163 prime?
False
Is 2689442839 prime?
True
Is 17108251219 a composite number?
False
Is 26041776823 prime?
True
Is 1732673149 composite?
True
Is 81822759499 a composite number?
True
Is 452836381 prime?
True
Is 42546796613 prime?
False
Is 553497353 composite?
True
Is 3786346205 composite?
True
Is 30549626473 composite?
False
Is 572048359 prime?
False
Is 604357891 a composite number?
False
Is 7539898363 composite?
False
Is 5912313689 prime?
True
Is 118803071 prime?
True
Is 687708919 a composite number?
True
Is 1850345681 prime?
True
Is 6889846667 composite?
True
Is 1159328021 a composite number?
False
Is 169783729 composite?
True
Is 136305218965 composite?
True
Is 4911442573 prime?
True
Is 33895750879 composite?
False
Is 57575545613 a composite number?
False
Is 5262765619 prime?
True
Is 7231274969 a prime number?
True
Is 75878902087 a prime number?
False
Is 14942101553 a prime number?
True
Is 398296807 composite?
True
Is 9969378233 a composite number?
False
Is 59756471 prime?
False
Is 70993499 prime?
False
Is 9438830309 a composite number?
False
Is 19119257869 composite?
False
Is 171934859 prime?
True
Is 19317569 prime?
False
Is 461671885 composite?
True
Is 7021120289 a composite number?
False
Is 8917708363 prime?
True
Is 49337526793 prime?
True
Is 4166585699 a composite number?
False
Is 11933750449 a prime number?
False
Is 15075184819 a composite number?
False
Is 3878034141 a prime number?
False
Is 10200709601 prime?
True
Is 1848911999 a prime number?
False
Is 261235310719 prime?
True
Is 4179371641 a composite number?
False
Is 80018597 prime?
False
Is 798301289 a prime number?
True
Is 3700739927 a prime number?
True
Is 1901597903 a composite number?
True
Is 1461737413 prime?
False
Is 10184847139 a composite number?
False
Is 57421916011 a composite number?
False
Is 8365204511 a composite number?
False
Is 697754353 a composite number?
False
Is 32735212339 a prime number?
True
Is 497986501 a composite number?
True
Is 316077642997 composite?
False
Is 60003682789 prime?
True
Is 27401061979 a prime number?
True
Is 5272965209 a prime number?
False
Is 3239181059 composite?
True
Is 368858431 prime?
False
Is 156809322121 prime?
True
Is 96148463 a composite number?
True
Is 895635227 a prime number?
True
Is 122263117 prime?
True
Is 1371364447 composite?
False
Is 4273395047 a prime number?
False
Is 16978274759 a composite number?
False
Is 1130570869 prime?
False
Is 316251611 a composite number?
True
Is 48128438993 composite?
False
Is 685033309 a prime number?
False
Is 466206089 a prime number?
False
Is 2014750943 prime?
True
Is 568764337 a composite number?
True
Is 11030937215 prime?
False
Is 19763162383 prime?
False
Is 5618473022 a composite number?
True
Is 399289327 prime?
True
Is 14991586019 a composite number?
True
Is 8820755809 composite?
True
Is 486190933 a prime number?
False
Is 224126592041 a prime number?
False
Is 1667387833 a prime number?
True
Is 1011350377 a prime number?
True
Is 11194224317 a composite number?
False
Is 102692066849 prime?
True
Is 34447762313 prime?
False
Is 11421808459 prime?
False
Is 1476906539 prime?
True
Is 780049297 a composite number?
False
Is 4813621133 a composite number?
False
Is 464506501 a composite number?
True
Is 22548988823 a composite number?
False
Is 83301365915 a composite number?
True
Is 6997116727 prime?
True
Is 2136697529 prime?
True
Is 118326883 a composite number?
False
Is 4187538133 a composite number?
False
Is 8952677243 composite?
True
Is 2224070311 a composite number?
False
Is 206245843 prime?
False
Is 1645559 a prime number?
True
Is 4454833961 a prime number?
False
Is 14275357478 a composite number?
True
Is 1018661681 a prime number?
False
Is 5609052341 prime?
True
Is 8117898961 a composite number?
True
Is 2266769587 a prime number?
True
Is 516974867 a composite number?
True
Is 212356991446 prime?
False
Is 1296769751 a prime number?
False
Is 25222474127 composite?
False
Is 55254635 a prime number?
False
Is 5916725987 a composite number?
False
Is 15591551705 composite?
True
Is 170722379 a prime number?
True
Is 6152794171 prime?
True
Is 133822551241 a composite number?
True
Is 92355957347 a prime number?
False
Is 1303526129 a composite number?
True
Is 108976529 prime?
True
Is 210787322939 prime?
False
Is 10601614801 a composite number?
False
Is 26046473759 prime?
True
Is 825828529 prime?
True
Is 5831372399 a composite number?
True
Is 3979259 composite?
False
Is 643590737 a composite number?
False
Is 80213500771 prime?
False
Is 2257378397 composite?
False
Is 3792984137 composite?
True
Is 111185781917 a prime number?
False
Is 1685518907 prime?
False
Is 13337975279 composite?
True
Is 2442166162 a prime number?
False
Is 2844868823 composite?
False
Is 308256623 a composite number?
False
Is 4548129983 composite?
False
Is 112863299 composite?
False
Is 186519956509 prime?
False
Is 26363888731 a prime number?
True
Is 15184111513 a prime number?
False
Is 179367719 a prime number?
True
Is 970005095 a prime number?
False
Is 3854344882 composite?
True
Is 8025717541 composite?
False
Is 14661378827 a prime number?
True
Is 39928601 composite?
False
Is 3649930706 a prime number?
False
Is 36059771549 prime?
True
Is 16379167349 a prime number?
False
Is 5155217537 composite?
False
Is 804918743 a prime number?
True
Is 15764605217 a prime number?
True
Is 135816359 composite?
True
Is 7820013881 a composite number?
False
Is 5236457519 a composite number?
False
Is 28271809813 a composite number?
True
Is 15600507463 prime?
False
Is 3747731839 a composite number?
True
Is 80012171 prime?
True
Is 588160049 a prime number?
False
Is 22621220347 a prime number?
False
Is 1336299187 composite?
True
Is 579926959 a prime number?
False
Is 69923580643 a prime number?
False
Is 682923465509 a composite number?
False
Is 380366179 prime?
False
Is 1222444009 a prime number?
False
Is 376413833 prime?
True
Is 17980956733 composite?
True
Is 4475917829 a prime number?
False
Is 11730164639 a composite number?
False
Is 983457931 a composite number?
True
Is 992077417 prime?
False
Is 402667631 composite?
False
Is 688579181 